common divisor of 1147 and 37.
37
Calculate the greatest common factor of 4 and 164.
4
Calculate the highest common divisor of 2482 and 584.
146
Calculate the greatest common divisor of 20330 and 19.
19
Calculate the highest common divisor of 15 and 435.
15
What is the highest common divisor of 10512 and 730?
146
Calculate the highest common divisor of 19 and 2413.
19
What is the greatest common factor of 76 and 15466?
38
What is the highest common divisor of 10 and 125?
5
What is the highest common factor of 25 and 415?
5
What is the greatest common factor of 374 and 442?
34
Calculate the highest common factor of 27 and 1161.
27
Calculate the highest common divisor of 4416 and 12.
12
Calculate the highest common factor of 168 and 273.
21
Calculate the highest common factor of 231 and 1771.
77
Calculate the greatest common factor of 85 and 3077.
17
What is the highest common factor of 12192 and 16?
16
What is the highest common divisor of 195 and 75?
15
Calculate the highest common divisor of 48 and 1176.
24
Calculate the highest common factor of 34113 and 249.
249
What is the highest common divisor of 4487 and 14?
7
What is the highest common factor of 6083 and 77?
77
Calculate the greatest common factor of 209 and 77.
11
Calculate the greatest common factor of 308 and 704.
44
Calculate the greatest common factor of 5572 and 28.
28
Calculate the greatest common factor of 17554 and 268.
134
What is the highest common divisor of 23 and 75486?
23
Calculate the greatest common divisor of 6790 and 70.
70
What is the greatest common divisor of 102 and 374?
34
What is the highest common divisor of 218 and 18203?
109
What is the highest common factor of 138 and 161?
23
What is the highest common divisor of 1032 and 384?
24
Calculate the greatest common factor of 5679 and 9.
9
Calculate the highest common divisor of 200 and 24.
8
What is the highest common divisor of 7 and 175?
7
Calculate the highest common divisor of 8359 and 13.
13
What is the greatest common factor of 72 and 15066?
18
Calculate the greatest common divisor of 10 and 72.
2
Calculate the greatest common divisor of 378 and 210.
42
Calculate the highest common divisor of 656 and 32.
16
Calculate the greatest common factor of 24 and 184.
8
Calculate the highest common factor of 1215 and 27.
27
Calculate the greatest common divisor of 1111 and 11.
11
What is the highest common factor of 984 and 24?
24
What is the greatest common factor of 975 and 117?
39
Calculate the greatest common factor of 58 and 46.
2
Calculate the highest common factor of 200 and 4700.
100
Calculate the highest common divisor of 105 and 1715.
35
Calculate the highest common divisor of 11628 and 68.
68
Calculate the greatest common divisor of 164 and 76.
4
Calculate the greatest common factor of 9654 and 12.
6
What is the highest common factor of 549 and 122?
61
What is the greatest common factor of 3 and 17?
1
Calculate the highest common divisor of 37 and 444.
37
What is the greatest common divisor of 4 and 10148?
4
Calculate the highest common divisor of 273 and 42.
21
What is the highest common divisor of 5486 and 182?
26
What is the greatest common factor of 505 and 1919?
101
Calculate the highest common divisor of 5 and 383.
1
Calculate the highest common factor of 5848 and 86.
86
Calculate the highest common divisor of 1261 and 52.
13
Calculate the greatest common divisor of 7790 and 190.
190
What is the greatest common factor of 10 and 72?
2
Calculate the greatest common divisor of 9 and 39.
3
Calculate the greatest common divisor of 370 and 30.
10
Calculate the highest common factor of 234 and 18.
18
Calculate the highest common divisor of 528 and 121.
11
Calculate the highest common factor of 116 and 290.
58
Calculate the greatest common divisor of 2 and 680.
2
Calculate the highest common divisor of 150 and 90.
30
Calculate the greatest common factor of 576 and 18.
18
Calculate the highest common factor of 53 and 1.
1
What is the highest common factor of 351 and 42471?
351
Calculate the highest common factor of 156 and 183.
3
What is the greatest common divisor of 851 and 46?
23
Calculate the highest common factor of 385 and 55.
55
Calculate the greatest common factor of 161 and 253.
23
What is the greatest common factor of 1176 and 72?
24
Calculate the greatest common factor of 15532 and 44.
44
What is the greatest common divisor of 3948 and 1?
1
Calculate the greatest common divisor of 915 and 15.
15
Calculate the highest common divisor of 7 and 21686.
7
Calculate the greatest common divisor of 525 and 150.
75
Calculate the greatest common divisor of 123 and 3.
3
Calculate the highest common divisor of 56 and 88.
8
What is the highest common factor of 552 and 23000?
184
Calculate the highest common factor of 8 and 1432.
8
What is the highest common factor of 518 and 666?
74
Calculate the highest common factor of 1530 and 90.
90
Calculate the highest common divisor of 4082 and 52.
26
What is the greatest common factor of 56 and 924?
28
Calculate the greatest common factor of 32 and 64.
32
What is the highest common divisor of 36 and 441?
9
What is the greatest common divisor of 368 and 33304?
184
What is the highest common factor of 20 and 565?
5
What is the highest common divisor of 1055 and 4853?
211
Calculate the highest common factor of 2722 and 4.
2
Calculate the highest common divisor of 9 and 99.
9
Calculate the highest common divisor of 684 and 36.
36
What is the highest common divisor of 64 and 8096?
32
What is the greatest common factor of 901 and 53?
53
What is the greatest common factor of 18 and 54?
18
Calculate the greatest common factor of 5775 and 1375.
275
What is the greatest common factor of 30 and 24?
6
Calculate the highest common factor of 387 and 27.
9
What is the highest common divisor of 869 and 319?
11
What is the highest common divisor of 57 and 19?
19
What is the greatest common factor of 1770 and 30?
30
Calculate the highest common divisor of 27 and 225.
9
Calculate the highest common factor of 9 and 39.
3
What is the greatest common divisor of 120 and 57480?
120
What is the highest common factor of 5986 and 574?
82
Calculate the greatest common factor of 1598 and 102.
34
What is the greatest common divisor of 11 and 275?
11
Calculate the highest common divisor of 57 and 323.
19
Calculate the greatest common factor of 682 and 248.
62
What is the greatest common divisor of 210 and 1120?
70
Calculate the highest common divisor of 264 and 72.
24
What is the greatest common factor of 295 and 5?
5
Calculate the greatest common factor of 254 and 5969.
127
What is the greatest common divisor of 143 and 403?
13
What is the highest common factor of 12 and 320?
4
Calculate the greatest common divisor of 88 and 330.
22
What is the greatest common divisor of 416 and 13?
13
Calculate the highest common divisor of 14363 and 271.
271
Calculate the greatest common divisor of 7116 and 12.
12
What is the highest common factor of 8 and 144?
8
What is the highest common factor of 19920 and 480?
240
What is the highest common factor of 88 and 6?
2
What is the highest common divisor of 1225 and 275?
25
What is the greatest common factor of 21715 and 215?
215
Calculate the highest common divisor of 51 and 935.
17
Calculate the highest common divisor of 1208 and 2.
2
Calculate the greatest common factor of 48 and 156.
12
What is the highest common divisor of 187 and 85?
17
Calculate the greatest common divisor of 6363 and 27.
9
Calculate the highest common factor of 588 and 36.
12
Calculate the highest common factor of 2295 and 17.
17
Calculate the greatest common factor of 9 and 9.
9
What is the greatest common factor of 2519 and 22?
11
What is the highest common factor of 133 and 589?
19
What is the highest common factor of 204 and 102?
102
What is the greatest common factor of 28 and 938?
14
What is the highest common divisor of 1 and 41?
1
What is the highest common divisor of 5 and 265?
5
Calculate the greatest common divisor of 1155 and 7392.
231
What is the greatest common divisor of 66 and 42?
6
Calculate the highest common divisor of 16998 and 6.
6
Calculate the greatest common divisor of 6812 and 364.
52
What is the highest common divisor of 123 and 8241?
123
Calculate the highest com